of 8088264 and 72.
72
Calculate the greatest common factor of 238 and 882287.
7
Calculate the highest common divisor of 384896 and 8.
8
Calculate the greatest common divisor of 1147 and 10490803.
31
What is the highest common divisor of 78098701 and 4415?
883
What is the highest common factor of 15777342 and 9072?
1134
Calculate the greatest common factor of 37362652 and 66691.
3923
What is the highest common factor of 8 and 2773572?
4
Calculate the highest common factor of 481 and 40478.
37
What is the greatest common divisor of 43 and 258010836?
43
Calculate the highest common divisor of 7 and 6467916.
7
What is the highest common factor of 885 and 9970965?
15
What is the highest common factor of 27256 and 65642669?
3407
Calculate the highest common divisor of 111662962 and 3682.
526
What is the highest common divisor of 2630084 and 59897?
673
Calculate the greatest common factor of 64482054 and 4368.
546
What is the highest common factor of 130583400 and 824?
824
What is the highest common divisor of 146 and 4800558694?
146
What is the highest common divisor of 1404 and 372852?
36
Calculate the highest common factor of 831044682 and 54.
18
What is the highest common factor of 213324930 and 225?
45
Calculate the greatest common divisor of 448338944 and 2936.
2936
What is the greatest common divisor of 32 and 355934368?
32
Calculate the highest common divisor of 23 and 82056479.
23
Calculate the greatest common factor of 594 and 962254458.
594
Calculate the highest common factor of 201356436 and 6.
6
Calculate the greatest common divisor of 5930967 and 1491.
21
What is the highest common factor of 71155 and 7725935?
3745
Calculate the highest common factor of 23565 and 953447755.
7855
What is the highest common factor of 608 and 7715168?
32
Calculate the greatest common factor of 1230 and 3160239.
123
Calculate the greatest common factor of 6372 and 1095498.
54
What is the greatest common divisor of 1216 and 452105?
19
What is the greatest common divisor of 594264 and 12360?
24
Calculate the greatest common factor of 916 and 30950266.
458
What is the greatest common factor of 4896 and 334101?
51
Calculate the greatest common factor of 187 and 10614052.
17
Calculate the greatest common divisor of 76 and 207572929.
19
What is the highest common factor of 2527615 and 340?
5
What is the highest common factor of 20105705 and 665?
95
What is the highest common factor of 1294080 and 1728?
192
What is the highest common divisor of 549156 and 12?
12
What is the highest common factor of 5733 and 178420788?
819
Calculate the greatest common divisor of 42936984 and 600.
24
What is the greatest common divisor of 221904 and 1049904?
3312
Calculate the greatest common divisor of 75611973 and 25449.
1497
Calculate the highest common divisor of 5348 and 19132088.
764
Calculate the highest common factor of 45633 and 219261.
1113
Calculate the highest common divisor of 7308 and 67433352.
2436
What is the highest common divisor of 946 and 1684826?
946
What is the highest common divisor of 4447 and 820929541?
4447
Calculate the highest common divisor of 28149716 and 16.
4
What is the greatest common factor of 94905191 and 5228?
1307
Calculate the highest common factor of 82619039 and 6364.
1591
What is the highest common divisor of 2750117 and 588088?
1007
Calculate the highest common factor of 98354104 and 8.
8
Calculate the highest common divisor of 73128 and 16525266.
1662
Calculate the greatest common factor of 247273054 and 14.
14
What is the greatest common divisor of 9108 and 1373292?
36
Calculate the greatest common factor of 6920 and 1923610.
10
What is the highest common factor of 92 and 18166481?
23
What is the highest common divisor of 20775 and 1115490?
15
What is the highest common divisor of 728945734 and 22?
22
Calculate the highest common divisor of 78920 and 2046900.
20
What is the highest common factor of 4136 and 5711299?
517
What is the highest common divisor of 214866153 and 1899?
1899
Calculate the highest common divisor of 184160049 and 13543.
467
Calculate the highest common factor of 10528755 and 150.
15
What is the highest common divisor of 372 and 173672788?
124
Calculate the greatest common factor of 54093 and 1923465.
57
Calculate the highest common divisor of 440 and 834790.
110
Calculate the highest common divisor of 968636589 and 2118.
1059
What is the highest common factor of 12026 and 1659266?
14
What is the highest common divisor of 2085 and 7284435?
15
Calculate the greatest common factor of 248964915 and 62730.
10455
Calculate the greatest common factor of 63843 and 24375.
39
Calculate the greatest common factor of 171 and 8379551.
19
What is the greatest common divisor of 1815140 and 3361871?
1931
Calculate the greatest common factor of 105938316 and 684.
36
What is the highest common factor of 6015909 and 119?
17
What is the highest common divisor of 37751637 and 249?
249
What is the highest common divisor of 258 and 14674911?
129
Calculate the highest common divisor of 137104589 and 1691.
1691
What is the greatest common factor of 5307 and 870897?
183
What is the greatest common divisor of 313540723 and 3305?
661
Calculate the greatest common divisor of 126957845 and 105.
35
What is the highest common factor of 152976461 and 519?
173
What is the greatest common factor of 243 and 22625433?
27
Calculate the highest common divisor of 152414517 and 609.
87
Calculate the greatest common factor of 3792019 and 1232.
77
Calculate the highest common factor of 233361261 and 109.
109
What is the highest common factor of 3193 and 1416353?
103
What is the greatest common factor of 3285 and 66065?
365
Calculate the greatest common factor of 584 and 359525.
73
What is the highest common divisor of 5736967 and 1263?
421
What is the greatest common factor of 830 and 994496870?
830
Calculate the greatest common factor of 9132 and 97752.
12
Calculate the greatest common factor of 1131 and 3235443.
87
Calculate the highest common divisor of 530402 and 15179910.
3254
What is the highest common factor of 13769 and 147077?
7
What is the greatest common factor of 37296 and 143892?
252
Calculate the greatest common divisor of 120 and 241086320.
40
What is the greatest common factor of 4495201 and 24184?
3023
What is the highest common factor of 16230 and 1171230?
30
Calculate the greatest common divisor of 47361234 and 348.
174
Calculate the highest common factor of 2256640 and 134480.
3280
Calculate the greatest common factor of 29355 and 52508370.
1545
What is the highest common divisor of 7833 and 43342227?
1119
Calculate the highest common factor of 2539967 and 344.
43
What is the greatest common divisor of 9641807 and 851?
23
What is the greatest common divisor of 15059649 and 3399?
33
Calculate the highest common divisor of 78043235 and 24903.
2767
What is the highest common divisor of 680440 and 95?
5
What is the highest common divisor of 1462284 and 1800?
36
What is the highest common factor of 253480 and 160?
40
What is the greatest common divisor of 39711 and 66266313?
5673
Calculate the highest common divisor of 1455510 and 280140.
6090
What is the greatest common divisor of 21470 and 18062711?
2147
Calculate the highest common factor of 82310 and 24740.
10
What is the highest common divisor of 17982250 and 1782?
22
Calculate the highest common divisor of 627 and 12122.
209
What is the highest common factor of 12821523 and 16224?
507
Calculate the greatest common factor of 20 and 55422490.
10
Calculate the highest common factor of 105 and 71217447.
21
Calculate the highest common factor of 1684 and 383550366.
842
Calculate the greatest common factor of 13 and 1431632189.
13
What is the highest common divisor of 1812 and 27752592?
1812
Calculate the greatest common divisor of 3789235 and 1086.
181
Calculate the highest common factor of 2161 and 31898521.
2161
What is the highest common divisor of 4579587 and 18?
9
What is the highest common factor of 74823 and 866712?
147
What is the highest common divisor of 46455 and 1925745?
285
What is the highest common divisor of 198339 and 37893?
51
What is the greatest common divisor of 4277755 and 59633?
1217
Calculate the greatest common divisor of 10 and 1430228.
2
What is the greatest co